. What is the tens digit of v?
3
Let k = 17 - 27. Let a(x) be the third derivative of -x**5/60 - x**4/2 - 5*x**3/3 + 260*x**2. What is the tens digit of a(k)?
1
Suppose 5*i - 3*i + 5 = 5*n, n - 13 = -2*i. Let a be n*(4 - (-10)/(-3)). What is the units digit of 11 + (a/1 - 6)?
7
Suppose -2 = b, -3*a + 0*b - b = -1231. Suppose a + 249 = 11*g. What is the units digit of g?
0
Suppose -a = -4*a + 5*s - 6, 2*a = 4*s - 6. Suppose 2*g + 3*g = -3*o + 13, 0 = -4*o - 16. Suppose 4*p = a*p + u + 12, 0 = u + g. What is the units digit of p?
7
Suppose 4 - 10 = -3*l. Suppose -4*r = i - 20, 5*i + 42 = 4*r - l. Suppose 16 = r*j - 2*j. What is the units digit of j?
4
Suppose -54*c - 4*m = -56*c + 1310, 5*c - 3247 = 3*m. What is the tens digit of c?
4
Suppose 39*g - 47*g + 4256 = 0. What is the units digit of g?
2
Suppose -3*p + 5 = p + a, 5*a + 11 = -2*p. Suppose -12 = p*m - 126. What is the tens digit of m?
5
Let z(y) = -y**2 + 10*y - 7. Let v be z(6). Let g = v + -17. Suppose g = 4*l - 0*l - 212. What is the tens digit of l?
5
Suppose 9*d + 368 + 415 = 0. Let l = d - -160. What is the units digit of l?
3
Let s(j) = -84*j**3 + 2*j**2 + 3*j + 1. Let b be s(-1). Let u = b + -21. What is the tens digit of u?
6
Let u(r) = -4*r**3 + r. Let o be u(-2). Suppose -2*t + o = -4. Let a = -13 + t. What is the units digit of a?
4
Let o = -92 - -595. What is the units digit of o?
3
Suppose d + 2*d = 84. Suppose 0 = d*b - 30*b + 78. What is the units digit of b?
9
Let b(i) = -i**3 - 6*i**2 + 10*i + 16. Suppose -3*k + 6 = -f - 5, k + 2*f = -1. Suppose -2*g = -k*g - 8. What is the tens digit of b(g)?
6
Let n = -32 + 44. Let a = 46 - n. What is the units digit of a?
4
Suppose -5*y + 1952 = -5*v - 3528, 3*y + 2*v = 3288. What is the units digit of y?
6
Let m(y) = 2*y - 21. Let q be m(11). Suppose 245 = 2*w - a, 2*a = -q - 9. What is the hundreds digit of w?
1
Let i(y) = y**2 + 9*y + 10. Let g be -2*2/((-4)/(-5)). Let p be i(g). What is the units digit of (8/p)/((-10)/100)?
8
Let o(g) = -2*g**2 + 5*g + 2. Let f(y) = -2*y**2 + 4*y + 1. Let v(u) = 4*f(u) - 5*o(u). What is the units digit of v(-5)?
9
What is the hundreds digit of (39 - 37)/(1/422)?
8
Let f(z) = 9*z**3 + 2*z**2 + 12*z - 31. What is the thousands digit of f(6)?
2
Let i(w) = 15*w**3 - w**2 - 2*w - 2. Let s(k) = -k**3 - k**2 - k - 1. Let t(g) = i(g) - 2*s(g). What is the hundreds digit of t(2)?
1
What is the tens digit of (683/(-2) - 1)/(110/(-220))?
8
Suppose -2*x = -3*t + x + 609, 0 = -5*t - 5*x + 975. Let c = t + -94. Suppose 0 = -8*p + 5*p + c. What is the units digit of p?
5
Let u = 558 + -195. What is the hundreds digit of u?
3
Let z = -2856 + 1224. Let u be 1 + 1 + 2 + z. What is the units digit of u/11*1/(-4)?
7
Suppose 10*n - 5642 = 498. What is the units digit of n?
4
Suppose -8130 = -23*d + 8*d. What is the tens digit of d?
4
Suppose -2*n + 3814 = 2*v, -17*v + 14*v + 1897 = n. What is the tens digit of n?
1
Suppose -113 = -4*r - d, 4*d - d = -3*r + 96. Let c be 3 + -5 + r - 0. Let w = 9 + c. What is the units digit of w?
4
Let j = 10 - 5. Let a(d) = 5*d + 16. Let u(z) = 11*z + 33. Let h(r) = 13*a(r) - 6*u(r). What is the units digit of h(j)?
5
Suppose -3*y - 2*c = -3847, y + 7*c - 1273 = 4*c. What is the tens digit of y?
8
Suppose -122 + 2588 = 3*y. What is the units digit of y?
2
Let a(x) = 5*x - 9 - 2*x**2 + 4*x - x + 4*x**2. What is the units digit of a(7)?
5
Let g = 592 - -609. What is the thousands digit of g?
1
Let r be (2/(-3))/(8/(-24)). Let x(b) = -5*b**3 + 4*b**2 - 4*b + 2. Let m be x(r). What is the tens digit of m/(-1)*28/35?
2
Let i(j) = j + 16. Let l be i(-12). Let k(u) = -u**3 + 4*u**2 - 2*u. Let p be k(l). Let o(m) = 2*m**2 + 9*m - 6. What is the units digit of o(p)?
0
Suppose -2*j = 2*m - 290, 5*j + 294 = 2*m + 6*j. Let g = -75 + m. What is the units digit of g?
4
Let n(x) = 6*x**2 - 1. Suppose 8*b + 3 = 5*b. Let u be n(b). Suppose u*c = 4*c + 12. What is the units digit of c?
2
Let w = 18 - 15. Suppose 2*r - w*q = 14, 2*q + 2*q + 8 = 0. Suppose 0 = -5*i - 5*g + 165, g - 138 = r*i - 8*i. What is the tens digit of i?
3
Let k be (-6)/24 - 2/(-8). Suppose -3*r - 226 + 70 = k. What is the units digit of (24/16)/((-2)/r)?
9
Suppose -3*d - 7284 = -4*x, x + 1814 = 2*x + d. What is the tens digit of x?
1
Let b = -113 - -116. What is the tens digit of b - -196 - ((-4)/4 + -2)?
0
Suppose 5*v - 15 = 2*v. Suppose -v*w + 11 = -29. Let a = 23 - w. What is the units digit of a?
5
Let g be (-60)/(-24) - 1/(-2). Suppose 0 = 4*r - 2*s - 0*s - 78, g*r - 55 = -2*s. What is the tens digit of r?
1
Let r = 1098 + -362. What is the tens digit of r?
3
Let q be ((-4)/12)/(2/(-78)). Let z be (q + -3)*(-384)/(-15). Suppose -3*s + z = s. What is the tens digit of s?
6
Let p be 4/4 - (2 + 0). Let k = -18 - p. Let f = k - -37. What is the tens digit of f?
2
Suppose h - 4*h = -4*m + 208, -2*m + 94 = -4*h. Suppose 3*z + 12 = 3*x, 0 = -5*x + 4*z - 0*z + 21. Let j = m - x. What is the tens digit of j?
5
What is the units digit of ((-60)/(-35)*-5)/((-4)/504)?
0
Suppose 2*j - 2*m - 12 = 0, m - 5 = -5*j + 7. Let a(t) = 9*t. Let s(k) = -1. Let v(c) = a(c) + 5*s(c). What is the tens digit of v(j)?
2
Suppose 14*h + 75 = 11*h. Let g be (1 + (1 - -8))*-1. Let c = g - h. What is the units digit of c?
5
Suppose 4*w - 2*d = -614, -4*w - 5*d - 584 = -d. Let o = 228 + w. What is the units digit of o?
7
What is the units digit of 9/6*146960/165?
6
Let r(c) = 3*c**2 + 4*c + 5. Let i(v) = -6*v**2 - 8*v - 10. Let m be 2 - -1 - (3 - -6). Let f(u) = m*i(u) - 11*r(u). What is the units digit of f(-4)?
7
Let q = -43 - -43. Suppose q = -4*s - 4*s + 616. What is the units digit of s?
7
Let z = 28 - -89. What is the tens digit of z?
1
Suppose -2*g + 4*f + 22 = 0, 2*g + 5*f = -g. Suppose -g*c - 5*p = -40, 0 = 2*c - 0*p - 2*p - 16. What is the units digit of (42/c)/((-5)/(-40))?
2
Let b be 2/5 + 22374/90. Suppose -3*l = -2*a + b, l - 8 = a - 134. What is the tens digit of a?
2
Let l = 47 + 656. What is the hundreds digit of l?
7
Let k(q) = q**2 - q - 60. What is the units digit of k(-17)?
6
Suppose -30*x = -34*x + 3464. What is the tens digit of x?
6
Suppose 2*x + 1 = -u, 0 = 2*x - u + 12 - 1. What is the units digit of 65 + (x + 3 - 0)?
5
Suppose 0*y + 4*y = 68. Let t = y - -21. What is the units digit of t?
8
Let i(v) be the third derivative of -1/3*v**3 + 7/12*v**4 + 0*v - 8*v**2 + 0. What is the units digit of i(2)?
6
Suppose 918 = y + y - 3*m, 5*y = m + 2269. Suppose -s + v + 120 = 29, -5*s = -3*v - y. What is the units digit of 1/(-2)*(8 - s)?
1
Let q be 1 - (-1 + 4/(-2)). Suppose 0 = -21*n + 19*n - q. What is the units digit of (-625)/(-10) + 3/n?
1
Suppose -2*l - l - 45 = 0. What is the units digit of 130/l*9/(-2)?
9
Suppose 10*t = 6248 + 1732. What is the units digit of t?
8
Suppose 3*v - 4 = 2*v. Suppose v*g + 6 = h, h + h - 42 = -2*g. Suppose -3*s - h + 3 = 0, -5*l + 235 = s. What is the tens digit of l?
4
Let s be 2/(-4) + 660/(-40). Let k = s + 31. What is the tens digit of k?
1
Let a(z) = -z**2 - 5*z + 125. What is the tens digit of a(0)?
2
Suppose 11 + 1 = -4*j. Let t(q) = 2*q**3 + 3*q**2 + q - 7. Let b be t(j). Let g = -7 - b. What is the tens digit of g?
3
Suppose -2*l = 0, 7087 + 7853 = 4*k - 4*l. What is the thousands digit of k?
3
Let y be 1 + -1 + 1 + -5. What is the units digit of 24*(-3 - 14/y)?
2
Let g(r) = 2*r**2 + 4*r + 3. Let w be g(-2). Suppose -3*n = 3, -4*k = -4*n - 87 + w. Suppose 20 = 2*p + o - 2*o, -p + 3*o + k = 0. What is the units digit of p?
8
Let k(u) = -u**2 + 48*u + 47. What is the hundreds digit of k(39)?
3
Let p(i) = 4*i - 3. Let m be p(2). Suppose m*c = -4*f + 169 + 39, 3*c + 260 = 5*f. What is the units digit of f?
2
Let o(a) be the second derivative of a**5/20 - a**4 + 2*a**3/3 - 7*a**2/2 + 8*a. What is the units digit of o(12)?
1
Let v(r) = -r**3 - 7*r**2 + r - 6. Let p be v(-5). Let n = 150 + p. What is the units digit of n?
9
Let d(q) = 120*q - 906. What is the tens digit of d(8)?
5
Let l(z) be the second derivative of -25*z**3/6 - z**2/2 - z. Suppose 2*y - 3*y = 2*d, -5*y + 15 = -5*d. What is the units digit of l(d)?
4
Let q(z) = z**2 - 11*z. Let t be q(6). Let a be (-4)/(-18) + (-430)/(-9). Let x = a + t. What is the units digit of x?
8
Let t be 22/3 + (-3)/9. Suppose 4*c = 564 - 64. Suppose -2*o =